{"id":121,"date":"2019-05-03T15:01:12","date_gmt":"2019-05-03T13:01:12","guid":{"rendered":"http:\/\/www.test2.medievalesbonaguil.fr\/?page_id=121"},"modified":"2025-06-30T19:44:34","modified_gmt":"2025-06-30T17:44:34","slug":"informations-pratiques","status":"publish","type":"page","link":"https:\/\/www.medievalesbonaguil.fr\/current\/informations-pratiques\/","title":{"rendered":"Informations pratiques"},"content":{"rendered":"\n<h1 class=\"wp-block-heading has-text-align-center\">Location de costumes m\u00e9di\u00e9vaux<\/h1>\n\n\n\n<h4 class=\"wp-block-verse\" style=\"text-align: center;\">Salle des m\u00e9di\u00e9vales<br>Sous les arcades du ch\u00e2teau de Fumel (Mairie de Fumel)<\/h4>\n<h4 class=\"wp-block-verse\" style=\"text-align: center;\">Adulte : 5\u20ac<\/h4>\n<h4 class=\"wp-block-verse\" style=\"text-align: center;\">Enfant (5 \u00e0 14 ans) : 5\u20ac<\/h4>\n<h4 class=\"wp-block-verse\" style=\"text-align: center;\">Caution : Adulte : 50\u20ac, Enfant : 30\u20ac<\/h4>\n\n\n\n<p class=\"has-text-align-center\">&#8212;&#8212;&#8212;&#8212;&#8212;&#8212;&#8212;&#8212;&#8212;&#8212;&#8212;&#8212;&#8212;&#8212;-<\/p>\n\n\n<h4 style=\"text-align: center;\">Les costumes peuvent \u00eatre lou\u00e9s toute l\u2019ann\u00e9e en t\u00e9l\u00e9phonant au :<\/h4>\n<h4 style=\"text-align: center;\">06 74 55 68 18 (HR)<\/h4>\n<h4 style=\"text-align: center;\">Les paiements par cartes bancaires ou ch\u00e8ques vacances ne sont pas accept\u00e9s<\/h4>\n\n\n<div class=\"moz-text-html\" lang=\"x-unicode\">\n<div dir=\"auto\">\n<h4 dir=\"auto\" style=\"text-align: center;\">Vous trouverez ci-apr\u00e8s les dates et cr\u00e9neaux horaires o\u00f9 vous pourrez aller louer vos costumes pour<\/h4>\n<h4 dir=\"auto\" style=\"text-align: center;\">notre f\u00eate m\u00e9di\u00e9vale du 5 et 6 juillet 2025 !!!&nbsp;<\/h4>\n<h4 dir=\"auto\" style=\"text-align: center;\">Rendez-vous \u00e0 la salle de la couture sous les arcades au ch\u00e2teau de Fumel (mairie de Fumel) les :<\/h4>\n<h4 dir=\"auto\" style=\"text-align: center;\">Mercredi 4 juin de 16h30 \u00e0 18h30<\/h4>\n<h4 dir=\"auto\" style=\"text-align: center;\">Samedi 7 juin de 10h30 \u00e0 12h30<\/h4>\n<h4 dir=\"auto\" style=\"text-align: center;\">Samedi 14 juin de 10h30 \u00e012h30<\/h4>\n<h4 dir=\"auto\" style=\"text-align: center;\">Mercredi 2 juillet de 16h30 \u00e0 18h30<\/h4>\n<\/div>\n<\/div>\n\n\n\n<p class=\"has-text-align-center\">**************************************************<\/p>\n\n\n\n<h1 class=\"wp-block-heading has-text-align-center\">Restauration<\/h1>\n\n\n\n<h3 class=\"wp-block-heading has-text-align-center\">Au sein du ch\u00e2teau<\/h3>\n\n\n\n<h4 style=\"text-align: center;\">Buvettes : Rafra\u00eechissements vari\u00e9s (esplanade et court d&rsquo;honneur)<\/h4>\n<h4 style=\"text-align: center;\">Petite restauration : Sandwiches, plateaux-repas, glace (sur l&rsquo;esplanade) et cr\u00eapes (<\/h4>\n<h4>court d&rsquo;honneur)<\/h4>\n\n\n\n<p class=\"has-text-align-center\">&#8212;&#8212;&#8212;&#8212;&#8212;&#8212;&#8212;&#8212;&#8212;&#8212;&#8212;&#8212;&#8212;&#8212;-<\/p>\n\n\n\n<h3 class=\"wp-block-heading has-text-align-center\">Dans le village de Bonaguil<\/h3>\n\n\n\n<h4 style=\"text-align: center;\"><a href=\"http:\/\/www.lesbonsenfants-bonaguil.net\/\" target=\"_blank\" rel=\"noopener noreferrer\">Les Bons Enfants<\/a> : 05 53 71 23 52<\/h4>\n<h4 style=\"text-align: center;\"><a href=\"https:\/\/www.facebook.com\/lecellierbarrestaurant\/\" target=\"_blank\" rel=\"noopener noreferrer\">Le Cellier<\/a>&nbsp;: 05 53 40 74 93<\/h4>\n<h4 style=\"text-align: center;\"><a href=\"https:\/\/www.tourisme-fumel.com\/fr\/fiche\/restaurants\/la-table-de-marlyse\" target=\"_blank\" rel=\"noopener noreferrer\">La Table de Marlyse<\/a>&nbsp;: 05 53 75 07 37<\/h4>\n\n\n\n<p class=\"has-text-align-center\">**************************************************<\/p>\n\n\n\n<h3 style=\"text-align: center;\">Pour le stationnement:&nbsp;<\/h3>\n<ul>\n<li style=\"text-align: center;\">\n<h4 style=\"text-align: left;\">En arrivant au bas du village de Bonaguil, n&rsquo; h\u00e9sitez pas \u00e0 utiliser les parkings \u00e0 votre disposition afin de profiter du chemin \u00e0 travers le village m\u00e9di\u00e9val qui vous conduira jusqu\u2019\u00e0 l entr\u00e9e du ch\u00e2teau en haut de la \u00ab\u00a0Bonne Aiguille\u00a0\u00bb.<\/h4>\n<\/li>\n<li style=\"text-align: center;\">\n<h4 style=\"text-align: left;\">Un parking se trouve en haut du village, au niveau de l\u2019entr\u00e9e du ch\u00e2teau mais, en fonction des horaires, les places peuvent y \u00eatre \u00ab\u00a0ch\u00e8res\u00a0\u00bb.<\/h4>\n<\/li>\n<li>\n<h4 style=\"text-align: left;\">Exceptionnellement, un arr\u00eat\u00e9 municipal, vous autorise \u00e0 vous garer, en redescendant, apr\u00e8s le cimeti\u00e8re, sur le cot\u00e9 gauche de la route et uniquement sur le cot\u00e9 gauche. Merci de laisser libre les acc\u00e8s et les chemins.<\/h4>\n<\/li>\n<\/ul>\n\n\n\n<p class=\"has-text-align-center\">**************************************************<\/p>\n\n\n\n<h1 class=\"wp-block-heading has-text-align-center\">Acc\u00e8s journ\u00e9e lors des m\u00e9di\u00e9vales 2025<\/h1>\n\n\n\n<h1 class=\"wp-block-heading has-text-align-center\">(10h \u00e0 20h le samedi et 10h \u00e0 18h le dimanche)<\/h1>\n\n\n\n<h4 style=\"text-align: center;\">L\u2019entr\u00e9e du ch\u00e2teau ferme \u00e0 19h00 le samedi et \u00e0 17h30 le dimanche.<\/h4>\n\n\n\n<h4 style=\"text-align: center;\"><span class=\"tadv-color\" style=\"color: #bc1900;\">Les personnes ne pourront pas rentrer avec des \u00e9p\u00e9es, dagues, couteaux, ou tout autres reproductions\u2026.<\/span><\/h4>\n\n\n\n<h4 style=\"text-align: center;\">Adulte : 9,50\u20ac<\/h4>\n<h4 style=\"text-align: center;\">Tarif r\u00e9duit sur justificatif (\u00e9tudiants, personnes sans emploi ou \u00e0 mobilit\u00e9 r\u00e9duite) : 7,50\u20ac<\/h4>\n<h4 style=\"text-align: center;\">Ado (de 13 \u00e0 17 ans) : 7.50\u20ac<\/h4>\n<h4 style=\"text-align: center;\">Enfants (de 6 \u00e0 12 ans) : 5\u20ac<\/h4>\n<h4 style=\"text-align: center;\">Personne costum\u00e9e en tenue m\u00e9di\u00e9vale : 5\u20ac<\/h4>\n<h4 style=\"text-align: center;\">Entr\u00e9e gratuite pour les enfants de moins de 6 ans et les enfants costum\u00e9s en tenue m\u00e9di\u00e9vale<\/h4>\n\n\n\n<h4 style=\"text-align: center;\">L\u2019entr\u00e9e au ch\u00e2teau donne l\u2019acc\u00e8s gratuit \u00e0 toutes les animations, \u00e0 tous les ateliers et \u00e0 tous les spectacles entre 10h et 20h le samedi et entre 10h et 18h le dimanche<\/h4>\n\n\n\n<h4 style=\"text-align: center;\">Les ch\u00e8ques vacances ne sont pas accept\u00e9s<\/h4>\n\n\n\n<p class=\"has-text-align-center\">**************************************************<\/p>\n\n\n\n<h1 style=\"text-align: center;\">Samedi matin 11h00:<\/h1>\n<h1 style=\"text-align: center;\">D\u00e9part du d\u00e9fil\u00e9 d&rsquo;ouverture du bas du village de Bonaguil pour une d\u00e9ambulation en musique sur le sentier vers \u00ab\u00a0la bonne aiguille\u00a0\u00bb<\/h1>\n\n\n\n<p class=\"has-text-align-center\">**************************************************<\/p>\n\n\n\n<h1 class=\"wp-block-heading has-text-align-center\">Spectacle du samedi soir lors des m\u00e9di\u00e9vales 2025<\/h1>\n\n\n\n<p>&nbsp;<\/p>\n<h4 style=\"text-align: center;\">R\u00e9servation pour le spectacle du samedi soir (\u00e0 partir du 15 juin 2025):<\/h4>\n<div class=\"x11i5rnm xat24cr x1mh8g0r x1vvkbs xtlvy1s x126k92a\">\n<h4 dir=\"auto\" style=\"text-align: center;\">R\u00e9servation en ligne sur Hello Asso<\/h4>\n<\/div>\n\n\n\n<p class=\"has-text-align-center has-medium-font-size\"><a href=\"https:\/\/www.helloasso.com\/associations\/association-des-medievales-des-chateaux-de-bonaguil-fumel\/evenements\/medievales-bonaguil-spectacle-nocturne-et-repas\">https:\/\/www.helloasso.com\/associations\/association-des-medievales-des-chateaux-de-bonaguil-fumel\/evenements\/medievales-bonaguil-spectacle-nocturne-et-repas<\/a><\/p>\n\n\n\n<div class=\"x11i5rnm xat24cr x1mh8g0r x1vvkbs xtlvy1s x126k92a\">\n<h4 dir=\"auto\" style=\"text-align: center;\">(vous n\u2019\u00eates en rien oblig\u00e9s de faire un don)<\/h4>\n<\/div>\n<h4 style=\"text-align: center;\">Par t\u00e9l\u00e9phone : 06 74 55 68 18<\/h4>\n<h4 style=\"text-align: center;\">Entr\u00e9e spectacle du samedi soir 21h00 (places limit\u00e9es &#8211; r\u00e9servations obligatoire):<\/h4>\n<h4 style=\"text-align: center;\">Adulte : 10\u20ac<\/h4>\n<h4 style=\"text-align: center;\">Enfant ( 5 \u00e0 13 ans ) : 5\u20ac<\/h4>\n<h4 style=\"text-align: center;\">Enfants de moins de 5 ans : Gratuit sur les genoux<\/h4>\n<p>\u00a0<\/p>\n<h4 style=\"text-align: center;\"><span class=\"x193iq5w xeuugli x13faqbe x1vvkbs x1xmvt09 x1lliihq x1s928wv xhkezso x1gmr53x x1cpjm7i x1fgarty x1943h6x xudqn12 x3x7a5m x6prxxf xvq8zen xo1l8bm xzsf02u x1yc453h\" dir=\"auto\">Possibilit\u00e9 de coupler avec le repas<\/span> du samedi soir (repas \u00e0 19h00):<\/h4>\n<h4 style=\"text-align: center;\">Adulte: 10 + 12 =&gt; 20\u20ac<\/h4>\n<h4 style=\"text-align: center;\">Enfant ( 5 \u00e0 13 ans) : 5 + 12 =&gt; 15\u20ac<\/h4>\n<p>\u00a0<\/p>\n<p>\u00a0<\/p>\n<h4 style=\"text-align: center;\">L&rsquo;entr\u00e9e donne acc\u00e8s \u00e0 toutes les animations propos\u00e9es entre 10h et 20h dans l&rsquo;enceinte du ch\u00e2teau.<br \/>Les ch\u00e8ques vacances ne sont pas accept\u00e9s.<\/h4>\n<h4 class=\"wp-block-verse\" style=\"text-align: center;\">Plus d&rsquo;informations concernant le spectacle sur la page qui lui est d\u00e9di\u00e9e, <a href=\"https:\/\/www.medievalesbonaguil.fr\/current\/spectacle\/\">ici<\/a><\/h4>\n","protected":false},"excerpt":{"rendered":"<p>Location de costumes m\u00e9di\u00e9vaux Salle des m\u00e9di\u00e9valesSous les arcades du ch\u00e2teau de Fumel (Mairie de Fumel) Adulte : 5\u20ac Enfant (5 \u00e0 14 ans) : 5\u20ac Caution : Adulte : 50\u20ac, Enfant : 30\u20ac &#8212;&#8212;&#8212;&#8212;&#8212;&#8212;&#8212;&#8212;&#8212;&#8212;&#8212;&#8212;&#8212;&#8212;- Les costumes peuvent \u00eatre lou\u00e9s toute l\u2019ann\u00e9e en t\u00e9l\u00e9phonant au : 06 74 55 68 18 (HR) Les paiements par cartes bancaires ou ch\u00e8ques vacances ne sont pas accept\u00e9s Vous trouverez ci-apr\u00e8s les dates et cr\u00e9neaux horaires o\u00f9 vous pourrez aller louer vos costumes pour notre f\u00eate m\u00e9di\u00e9vale du 5 et 6 juillet 2025 !!!&nbsp; Rendez-vous \u00e0 la salle de la couture sous les arcades au ch\u00e2teau de Fumel (mairie de Fumel) les : Mercredi 4 juin de 16h30 \u00e0 18h30 Samedi 7 juin de 10h30 \u00e0 12h30 Samedi 14 juin de 10h30 \u00e012h30 Mercredi 2 juillet de 16h30 \u00e0 18h30 ************************************************** Restauration Au sein du ch\u00e2teau Buvettes : Rafra\u00eechissements vari\u00e9s (esplanade et court d&rsquo;honneur) Petite restauration : Sandwiches, plateaux-repas, glace (sur l&rsquo;esplanade) et cr\u00eapes ( court d&rsquo;honneur) &#8212;&#8212;&#8212;&#8212;&#8212;&#8212;&#8212;&#8212;&#8212;&#8212;&#8212;&#8212;&#8212;&#8212;- Dans le village de Bonaguil Les Bons Enfants : 05 53 71 23 52 Le Cellier&nbsp;: 05 53 40 74 93 La Table de Marlyse&nbsp;: 05 53 75 07 37 ************************************************** Pour le stationnement:&nbsp; En arrivant au bas du village de Bonaguil, n&rsquo; h\u00e9sitez pas \u00e0 utiliser les parkings \u00e0 votre disposition afin de profiter du chemin \u00e0 travers le village m\u00e9di\u00e9val qui vous conduira jusqu\u2019\u00e0 l entr\u00e9e du ch\u00e2teau en haut de la \u00ab\u00a0Bonne Aiguille\u00a0\u00bb. Un parking se trouve en haut du village, au niveau de l\u2019entr\u00e9e du ch\u00e2teau mais, en fonction des horaires, les places peuvent y \u00eatre \u00ab\u00a0ch\u00e8res\u00a0\u00bb. Exceptionnellement, un arr\u00eat\u00e9 municipal, vous autorise \u00e0 vous garer, en redescendant, apr\u00e8s le cimeti\u00e8re, sur le cot\u00e9 gauche de la route et uniquement sur le cot\u00e9 gauche. Merci de laisser libre les acc\u00e8s et les chemins. ************************************************** Acc\u00e8s journ\u00e9e lors des m\u00e9di\u00e9vales 2025 (10h \u00e0 20h le samedi et 10h \u00e0 18h le dimanche) L\u2019entr\u00e9e du ch\u00e2teau ferme \u00e0 19h00 le samedi et \u00e0 17h30 le dimanche. Les personnes ne pourront pas rentrer avec des \u00e9p\u00e9es, dagues, couteaux, ou tout autres reproductions\u2026. Adulte : 9,50\u20ac Tarif r\u00e9duit sur justificatif (\u00e9tudiants, personnes sans emploi ou \u00e0 mobilit\u00e9 r\u00e9duite) : 7,50\u20ac Ado (de 13 \u00e0 17 ans) : 7.50\u20ac Enfants (de 6 \u00e0 12 ans) : 5\u20ac Personne costum\u00e9e en tenue m\u00e9di\u00e9vale : 5\u20ac Entr\u00e9e gratuite pour les enfants de moins de 6 ans et les enfants costum\u00e9s en tenue m\u00e9di\u00e9vale L\u2019entr\u00e9e au ch\u00e2teau donne l\u2019acc\u00e8s gratuit \u00e0 toutes les animations, \u00e0 tous les ateliers et \u00e0 tous les spectacles entre 10h et 20h le samedi et entre 10h et 18h le dimanche Les ch\u00e8ques vacances ne sont pas accept\u00e9s ************************************************** Samedi matin 11h00: D\u00e9part du d\u00e9fil\u00e9 d&rsquo;ouverture du bas du village de Bonaguil pour une d\u00e9ambulation en musique sur le sentier vers \u00ab\u00a0la bonne aiguille\u00a0\u00bb ************************************************** Spectacle du samedi soir lors des m\u00e9di\u00e9vales 2025 &nbsp; R\u00e9servation pour le spectacle du samedi soir (\u00e0 partir du 15 juin 2025): R\u00e9servation en ligne sur Hello Asso https:\/\/www.helloasso.com\/associations\/association-des-medievales-des-chateaux-de-bonaguil-fumel\/evenements\/medievales-bonaguil-spectacle-nocturne-et-repas (vous n\u2019\u00eates en rien oblig\u00e9s de faire un don) Par t\u00e9l\u00e9phone : 06 74 55 68 18 Entr\u00e9e spectacle du samedi soir 21h00 (places limit\u00e9es &#8211; r\u00e9servations obligatoire): Adulte : 10\u20ac Enfant ( 5 \u00e0 13 ans ) : 5\u20ac Enfants de moins de 5 ans : Gratuit sur les genoux \u00a0 Possibilit\u00e9 de coupler avec le repas du samedi soir (repas \u00e0 19h00): Adulte: 10 + 12 =&gt; 20\u20ac Enfant ( 5 \u00e0 13 ans) : 5 + 12 =&gt; 15\u20ac \u00a0 \u00a0 L&rsquo;entr\u00e9e donne acc\u00e8s \u00e0 toutes les animations propos\u00e9es entre 10h et 20h dans l&rsquo;enceinte du ch\u00e2teau.Les ch\u00e8ques vacances ne sont pas accept\u00e9s. Plus d&rsquo;informations concernant le spectacle sur la page qui lui est d\u00e9di\u00e9e, ici<\/p>\n","protected":false},"author":1,"featured_media":0,"parent":0,"menu_order":0,"comment_status":"closed","ping_status":"closed","template":"","meta":{"footnotes":""},"class_list":["post-121","page","type-page","status-publish","hentry"],"jetpack_sharing_enabled":true,"_links":{"self":[{"href":"https:\/\/www.medievalesbonaguil.fr\/current\/wp-json\/wp\/v2\/pages\/121","targetHints":{"allow":["GET"]}}],"collection":[{"href":"https:\/\/www.medievalesbonaguil.fr\/current\/wp-json\/wp\/v2\/pages"}],"about":[{"href":"https:\/\/www.medievalesbonaguil.fr\/current\/wp-json\/wp\/v2\/types\/page"}],"author":[{"embeddable":true,"href":"https:\/\/www.medievalesbonaguil.fr\/current\/wp-json\/wp\/v2\/users\/1"}],"replies":[{"embeddable":true,"href":"https:\/\/www.medievalesbonaguil.fr\/current\/wp-json\/wp\/v2\/comments?post=121"}],"version-history":[{"count":47,"href":"https:\/\/www.medievalesbonaguil.fr\/current\/wp-json\/wp\/v2\/pages\/121\/revisions"}],"predecessor-version":[{"id":35032,"href":"https:\/\/www.medievalesbonaguil.fr\/current\/wp-json\/wp\/v2\/pages\/121\/revisions\/35032"}],"wp:attachment":[{"href":"https:\/\/www.medievalesbonaguil.fr\/current\/wp-json\/wp\/v2\/media?parent=121"}],"curies":[{"name":"wp","href":"https:\/\/api.w.org\/{rel}","templated":true}]}}