{"id":145,"date":"2019-05-03T16:49:35","date_gmt":"2019-05-03T14:49:35","guid":{"rendered":"http:\/\/www.test2.medievalesbonaguil.fr\/?page_id=145"},"modified":"2019-06-12T14:47:02","modified_gmt":"2019-06-12T12:47:02","slug":"politique-de-confidentialite","status":"publish","type":"page","link":"https:\/\/www.medievalesbonaguil.fr\/current\/politique-de-confidentialite\/","title":{"rendered":"Politique de confidentialit\u00e9"},"content":{"rendered":"\n<h2 class=\"wp-block-heading\">Qui sommes-nous&nbsp;?<\/h2>\n\n\n\n<p>L\u2019adresse de notre site Web est&nbsp;: https:\/\/www.medievalesbonaguil.fr.<\/p>\n\n\n\n<p>Nos r\u00e9seaux sociaux sont:<\/p>\n<p>&nbsp; &#8211; https:\/\/www.facebook.com\/bonaguilmedievales<\/p>\n<p>&nbsp;&#8211; https:\/\/www.instagram.com\/medievalesbonaguil\/<\/p>\n\n\n\n<h2 class=\"wp-block-heading\"><strong>Responsable et \u00e9diteur du site :<\/strong><\/h2>\n\n\n\n<p>Association Loi 1901 : Association des m\u00e9di\u00e9vales des ch\u00e2teaux Bonaguil-Fumel<br>Num\u00e9ro Siret : 48533572300014<br>Adresse si\u00e8ge social : Mairie Place du ch\u00e2teau 47500 FUMEL FRANCE<br>Directeur de la publication : David Paryl<\/p>\n\n\n\n<h2 class=\"wp-block-heading\"><strong>Conception et production :<\/strong><\/h2>\n\n\n\n<p>Contact: medievalesbonaguilw@gmail.com<\/p>\n\n\n\n<p>CMS: WordPress<\/p>\n\n\n\n<p>H\u00e9bergeur: OVH<\/p>\n\n\n\n<p>Vous pouvez vous r\u00e9f\u00e9rer aux politiques de confidentialit\u00e9s des diff\u00e9rents intervenants concernant la partie dont ils sont responsable.<\/p>\n\n\n\n<h2 class=\"wp-block-heading\">Respect de la vie priv\u00e9e<\/h2>\n\n\n\n<p>L\u2019Association des m\u00e9di\u00e9vales des ch\u00e2teaux Bonaguil-Fumel respecte les pr\u00e9occupations des utilisateurs concernant  la confidentialit\u00e9 des renseignements et informations personnels  fournis.<\/p>\n\n\n\n<h2 class=\"wp-block-heading\">Utilisation des donn\u00e9es personnelles collect\u00e9es<\/h2>\n\n\n\n<h3 class=\"wp-block-heading\">M\u00e9dias<\/h3>\n\n\n\n<p>Si vous t\u00e9l\u00e9versez des images sur le site web ou sur un des r\u00e9seaux sociaux, nous vous conseillons d\u2019\u00e9viter de t\u00e9l\u00e9verser des images contenant des donn\u00e9es EXIF de coordonn\u00e9es GPS. Les visiteurs des site web peuvent t\u00e9l\u00e9charger et extraire des donn\u00e9es de localisation depuis ces images.<\/p>\n\n\n\n<h3 class=\"wp-block-heading\">Cookies<\/h3>\n\n\n\n<p>Cette politique de cookie explique ce que sont les cookies et comment nous les utilisons. Vous devriez lire cette politique pour comprendre ce que sont les cookies, comment nous les utilisons, les types de cookies que nous utilisons, c\u2019est-\u00e0-dire les informations que nous recueillons \u00e0 l\u2019aide de cookies, comment ces informations sont utilis\u00e9es et comment contr\u00f4ler les pr\u00e9f\u00e9rences en mati\u00e8re de cookies. Pour plus d&rsquo;informations sur la mani\u00e8re dont nous utilisons, stockons et conservons vos donn\u00e9es personnelles en toute s\u00e9curit\u00e9, consultez notre politique de confidentialit\u00e9.<br><br>Vous pouvez \u00e0 tout moment modifier ou retirer votre consentement de la d\u00e9claration de cookie figurant sur notre site Web.<br><br>Que sont les cookies?<br><br>Les cookies sont de petits fichiers texte utilis\u00e9s pour stocker de petites informations. Les cookies sont stock\u00e9s sur votre appareil lorsque le site Web est charg\u00e9 sur votre navigateur. Ces cookies nous aident \u00e0 faire fonctionner le site Web correctement, \u00e0 le s\u00e9curiser davantage, \u00e0 offrir une meilleure exp\u00e9rience utilisateur, \u00e0 comprendre le fonctionnement du site Web et \u00e0 analyser ce qui fonctionne et les points \u00e0 am\u00e9liorer.<br>Comment utilisons-nous les cookies?<br><br>Comme la plupart des services en ligne, notre site Web utilise des cookies de tiers et de tiers \u00e0 diverses fins. Les cookies de premi\u00e8re partie sont essentiellement n\u00e9cessaires au bon fonctionnement du site Web. Ils ne collectent aucune de vos donn\u00e9es personnellement identifiables.<br><br>Les cookies tiers utilis\u00e9s sur nos sites Web sont principalement utilis\u00e9s pour comprendre le fonctionnement du site Web, votre interaction avec notre site Web, la s\u00e9curit\u00e9 de nos services, la diffusion d\u2019annonces publicitaires qui vous int\u00e9ressent et le tout pour vous fournir une meilleure exp\u00e9rience utilisateur et aide \u00e0 acc\u00e9l\u00e9rer vos interactions futures avec notre site Web.<br>Quels types de cookies utilisons-nous?<br><br>Essentiel: Certains cookies sont essentiels pour que vous puissiez profiter de toutes les fonctionnalit\u00e9s de notre site. Ils nous permettent de maintenir des sessions d\u2019utilisateur et de pr\u00e9venir toute menace \u00e0 la s\u00e9curit\u00e9. Ils ne collectent ni ne stockent aucune information personnelle. Par exemple, ces cookies vous permettent de vous connecter \u00e0 votre compte, d&rsquo;ajouter des produits \u00e0 votre panier et de passer en toute s\u00e9curit\u00e9.<br><br>Statistiques: Ces cookies stockent des informations telles que le nombre de visiteurs sur le site Web, le nombre de visiteurs uniques, les pages du site Web consult\u00e9es, la source de la visite, etc. Ces donn\u00e9es nous aident \u00e0 comprendre et \u00e0 analyser le fonctionnement du site Web. o\u00f9 il a besoin d&rsquo;am\u00e9lioration.<br><br>Fonctionnel: Ce sont les cookies qui aident certaines fonctionnalit\u00e9s non essentielles sur notre site Web. Ces fonctionnalit\u00e9s incluent l\u2019int\u00e9gration de contenus tels que des vid\u00e9os ou le partage de contenus sur le site Web sur des plates-formes de m\u00e9dias sociaux.<br><br>Pr\u00e9f\u00e9rences: Ces cookies nous aident \u00e0 enregistrer vos param\u00e8tres et vos pr\u00e9f\u00e9rences de navigation, comme vos pr\u00e9f\u00e9rences de langue, afin de vous permettre de vivre une exp\u00e9rience meilleure et plus efficace lors de vos prochaines visites sur le site.<br><br>Comment puis-je contr\u00f4ler les pr\u00e9f\u00e9rences de cookie?<br><br>Si vous d\u00e9cidez de modifier vos pr\u00e9f\u00e9rences ult\u00e9rieurement au cours de votre session de navigation, vous pouvez cliquer sur l&rsquo;onglet \u00abPolitique de confidentialit\u00e9 \u00bb de votre \u00e9cran. Cela affichera \u00e0 nouveau l&rsquo;avis de consentement, ce qui vous permettra de modifier vos pr\u00e9f\u00e9rences ou de retirer votre consentement compl\u00e8tement.<br><br>En outre, diff\u00e9rents navigateurs proposent diff\u00e9rentes m\u00e9thodes pour bloquer et supprimer les cookies utilis\u00e9s par les sites Web. Vous pouvez modifier les param\u00e8tres de votre navigateur pour bloquer \/ supprimer les cookies. Pour en savoir plus sur la gestion et la suppression des cookies, visitez wikipedia.org, www.allaboutcookies.org.<\/p>\n\n\n\n<h2 class=\"wp-block-heading\">Contenu embarqu\u00e9 depuis d\u2019autres sites<\/h2>\n\n\n\n<p>Les articles de ce site peuvent inclure des contenus int\u00e9gr\u00e9s (par exemple des vid\u00e9os, images, articles\u2026). Le contenu int\u00e9gr\u00e9 depuis d\u2019autres sites se comporte de la m\u00eame mani\u00e8re que si le visiteur se rendait sur cet autre site.<\/p>\n\n\n\n<p>Ces sites web pourraient collecter des donn\u00e9es sur vous, utiliser des cookies, embarquer des outils de suivis tiers, suivre vos interactions avec ces contenus embarqu\u00e9s si vous disposez d\u2019un compte connect\u00e9 sur leur site web.<\/p>\n\n\n\n<h2 class=\"wp-block-heading\">Dur\u00e9es de stockage de vos donn\u00e9es<\/h2>\n\n\n\n<p>Si vous laissez un commentaire, le commentaire et ses m\u00e9tadonn\u00e9es\nsont conserv\u00e9s ind\u00e9finiment. Cela permet de reconna\u00eetre et\napprouver automatiquement les commentaires suivants au lieu de les\nlaisser dans la file de mod\u00e9ration.<\/p>\n\n\n\n<p>Pour les utilisateurs et utilisatrices qui s\u2019enregistrent sur\nnotre site (si cela est possible), nous stockons \u00e9galement les\ndonn\u00e9es personnelles indiqu\u00e9es dans leur profil. Tous les\nutilisateurs et utilisatrices peuvent voir, modifier ou supprimer\nleurs informations personnelles \u00e0 tout moment (\u00e0 l\u2019exception de\nleur nom d\u2019utilisateur\u00b7ice). Les gestionnaires du site peuvent\naussi voir et modifier ces informations.<\/p>\n\n\n\n<h2 class=\"wp-block-heading\">M\u00e9dias<\/h2>\n\n\n\n<p>Les m\u00e9dias (photos, vid\u00e9o,&#8230;) h\u00e9berg\u00e9es sur le site ou sur les r\u00e9seaux sociaux de l\u2019association sont issues des activit\u00e9s de l\u2019association ou des intervenants.<br>Toutes personnes qui n\u2019autorisent pas les administrateurs du site \u00e0 utiliser leur image \u00e0 des fins de promotion et de diffusion doivent  demander l\u2019application du droit de retrait qui leur sera accord\u00e9 sans  aucune exception.<\/p>\n\n\n\n<h2 class=\"wp-block-heading\">Utilisation et transmission de vos donn\u00e9es personnelles<\/h2>\n\n\n\n<h2 class=\"wp-block-heading\">Statistiques et mesures d\u2019audience<\/h2>\n\n\n\n<p>Les donn\u00e9es personnelles des utilisateurs peuvent \u00eatre transmises \u00e0 des prestataires et\/ou services tiers dans le cadre d\u2019\u00e9tudes statistiques de l\u2019utilisation du Site et \u00e0 des fins d\u2019optimisation du Site. Dans ce cadre, les donn\u00e9es personnelles des utilisateurs seront anonymes.<\/p>\n\n\n\n<h2 class=\"wp-block-heading\">Les droits que vous avez sur vos donn\u00e9es<\/h2>\n\n\n\n<p>Vous pouvez \u00e9galement demander la suppression des donn\u00e9es personnelles vous concernant. Cela ne prend pas en compte les donn\u00e9es stock\u00e9es \u00e0 des fins administratives, l\u00e9gales ou pour des raisons de s\u00e9curit\u00e9.<\/p>\n\n\n\n<h2 class=\"wp-block-heading\">Transmission de vos donn\u00e9es personnelles<\/h2>\n\n\n\n<p>Les commentaires des visiteurs peuvent \u00eatre v\u00e9rifi\u00e9s \u00e0 l\u2019aide d\u2019un service automatis\u00e9 de d\u00e9tection des commentaires ind\u00e9sirables.<\/p>\n\n\n\n<p>Notamment:<\/p>\n\n\n\n<p>Nous r\u00e9coltons des\ninformations sur les visiteurs qui commentent sur les sites utilisant\nAkismet, notre service contre les ind\u00e9sirables. Ces informations\nr\u00e9colt\u00e9es d\u00e9pendent des r\u00e9glages Akismet effectu\u00e9s par\nl\u2019utilisateur sur le site, et incluent g\u00e9n\u00e9ralement l\u2019adresse\nIP des commentateurs, l\u2019agent utilisateur, le r\u00e9f\u00e9rent et l\u2019URL\ndu site (ainsi que d\u2019autres informations fournies directement par\nle commentateur comme leur nom, identifiant, adresse e-mail et leur\ncommentaire).<\/p>\n\n\n\n<h3 class=\"wp-block-heading\">LES SERVICES TIERS QUI NOUS TRANSMETTENT DES DONN\u00c9ES<\/h3>\n\n\n\n<p>Aucun<\/p>\n\n\n\n<h3 class=\"wp-block-heading\">OP\u00c9RATIONS DE MARKETING AUTOMATIS\u00c9 ET\/OU DE PROFILAGE R\u00c9ALIS\u00c9ES \u00c0 L\u2019AIDE DES DONN\u00c9ES PERSONNELLES<\/h3>\n\n\n\n<p>Aucune<\/p>\n\n\n\n<h2 class=\"wp-block-heading\">Modifications<\/h2>\n\n\n\n<p>Nous nous r\u00e9servons le droit de modifier la pr\u00e9sente d\u00e9claration. Il vous incombe de consulter r\u00e9guli\u00e8rement cette d\u00e9claration et de tenir compte de sa derni\u00e8re version. Celle-ci a \u00e9t\u00e9 modifi\u00e9e et corrig\u00e9e le 12 juin 2019.<\/p>\n","protected":false},"excerpt":{"rendered":"<p>Qui sommes-nous&nbsp;? L\u2019adresse de notre site Web est&nbsp;: https:\/\/www.medievalesbonaguil.fr. Nos r\u00e9seaux sociaux sont: &nbsp; &#8211; https:\/\/www.facebook.com\/bonaguilmedievales &nbsp;&#8211; https:\/\/www.instagram.com\/medievalesbonaguil\/ Responsable et \u00e9diteur du site : Association Loi 1901 : Association des m\u00e9di\u00e9vales des ch\u00e2teaux Bonaguil-FumelNum\u00e9ro Siret : 48533572300014Adresse si\u00e8ge social : Mairie Place du ch\u00e2teau 47500 FUMEL FRANCEDirecteur de la publication : David Paryl Conception et production : Contact: medievalesbonaguilw@gmail.com CMS: WordPress H\u00e9bergeur: OVH Vous pouvez vous r\u00e9f\u00e9rer aux politiques de confidentialit\u00e9s des diff\u00e9rents intervenants concernant la partie dont ils sont responsable. Respect de la vie priv\u00e9e L\u2019Association des m\u00e9di\u00e9vales des ch\u00e2teaux Bonaguil-Fumel respecte les pr\u00e9occupations des utilisateurs concernant la confidentialit\u00e9 des renseignements et informations personnels fournis. Utilisation des donn\u00e9es personnelles collect\u00e9es M\u00e9dias Si vous t\u00e9l\u00e9versez des images sur le site web ou sur un des r\u00e9seaux sociaux, nous vous conseillons d\u2019\u00e9viter de t\u00e9l\u00e9verser des images contenant des donn\u00e9es EXIF de coordonn\u00e9es GPS. Les visiteurs des site web peuvent t\u00e9l\u00e9charger et extraire des donn\u00e9es de localisation depuis ces images. Cookies Cette politique de cookie explique ce que sont les cookies et comment nous les utilisons. Vous devriez lire cette politique pour comprendre ce que sont les cookies, comment nous les utilisons, les types de cookies que nous utilisons, c\u2019est-\u00e0-dire les informations que nous recueillons \u00e0 l\u2019aide de cookies, comment ces informations sont utilis\u00e9es et comment contr\u00f4ler les pr\u00e9f\u00e9rences en mati\u00e8re de cookies. Pour plus d&rsquo;informations sur la mani\u00e8re dont nous utilisons, stockons et conservons vos donn\u00e9es personnelles en toute s\u00e9curit\u00e9, consultez notre politique de confidentialit\u00e9. Vous pouvez \u00e0 tout moment modifier ou retirer votre consentement de la d\u00e9claration de cookie figurant sur notre site Web. Que sont les cookies? Les cookies sont de petits fichiers texte utilis\u00e9s pour stocker de petites informations. Les cookies sont stock\u00e9s sur votre appareil lorsque le site Web est charg\u00e9 sur votre navigateur. Ces cookies nous aident \u00e0 faire fonctionner le site Web correctement, \u00e0 le s\u00e9curiser davantage, \u00e0 offrir une meilleure exp\u00e9rience utilisateur, \u00e0 comprendre le fonctionnement du site Web et \u00e0 analyser ce qui fonctionne et les points \u00e0 am\u00e9liorer.Comment utilisons-nous les cookies? Comme la plupart des services en ligne, notre site Web utilise des cookies de tiers et de tiers \u00e0 diverses fins. Les cookies de premi\u00e8re partie sont essentiellement n\u00e9cessaires au bon fonctionnement du site Web. Ils ne collectent aucune de vos donn\u00e9es personnellement identifiables. Les cookies tiers utilis\u00e9s sur nos sites Web sont principalement utilis\u00e9s pour comprendre le fonctionnement du site Web, votre interaction avec notre site Web, la s\u00e9curit\u00e9 de nos services, la diffusion d\u2019annonces publicitaires qui vous int\u00e9ressent et le tout pour vous fournir une meilleure exp\u00e9rience utilisateur et aide \u00e0 acc\u00e9l\u00e9rer vos interactions futures avec notre site Web.Quels types de cookies utilisons-nous? Essentiel: Certains cookies sont essentiels pour que vous puissiez profiter de toutes les fonctionnalit\u00e9s de notre site. Ils nous permettent de maintenir des sessions d\u2019utilisateur et de pr\u00e9venir toute menace \u00e0 la s\u00e9curit\u00e9. Ils ne collectent ni ne stockent aucune information personnelle. Par exemple, ces cookies vous permettent de vous connecter \u00e0 votre compte, d&rsquo;ajouter des produits \u00e0 votre panier et de passer en toute s\u00e9curit\u00e9. Statistiques: Ces cookies stockent des informations telles que le nombre de visiteurs sur le site Web, le nombre de visiteurs uniques, les pages du site Web consult\u00e9es, la source de la visite, etc. Ces donn\u00e9es nous aident \u00e0 comprendre et \u00e0 analyser le fonctionnement du site Web. o\u00f9 il a besoin d&rsquo;am\u00e9lioration. Fonctionnel: Ce sont les cookies qui aident certaines fonctionnalit\u00e9s non essentielles sur notre site Web. Ces fonctionnalit\u00e9s incluent l\u2019int\u00e9gration de contenus tels que des vid\u00e9os ou le partage de contenus sur le site Web sur des plates-formes de m\u00e9dias sociaux. Pr\u00e9f\u00e9rences: Ces cookies nous aident \u00e0 enregistrer vos param\u00e8tres et vos pr\u00e9f\u00e9rences de navigation, comme vos pr\u00e9f\u00e9rences de langue, afin de vous permettre de vivre une exp\u00e9rience meilleure et plus efficace lors de vos prochaines visites sur le site. Comment puis-je contr\u00f4ler les pr\u00e9f\u00e9rences de cookie? Si vous d\u00e9cidez de modifier vos pr\u00e9f\u00e9rences ult\u00e9rieurement au cours de votre session de navigation, vous pouvez cliquer sur l&rsquo;onglet \u00abPolitique de confidentialit\u00e9 \u00bb de votre \u00e9cran. Cela affichera \u00e0 nouveau l&rsquo;avis de consentement, ce qui vous permettra de modifier vos pr\u00e9f\u00e9rences ou de retirer votre consentement compl\u00e8tement. En outre, diff\u00e9rents navigateurs proposent diff\u00e9rentes m\u00e9thodes pour bloquer et supprimer les cookies utilis\u00e9s par les sites Web. Vous pouvez modifier les param\u00e8tres de votre navigateur pour bloquer \/ supprimer les cookies. Pour en savoir plus sur la gestion et la suppression des cookies, visitez wikipedia.org, www.allaboutcookies.org. Contenu embarqu\u00e9 depuis d\u2019autres sites Les articles de ce site peuvent inclure des contenus int\u00e9gr\u00e9s (par exemple des vid\u00e9os, images, articles\u2026). Le contenu int\u00e9gr\u00e9 depuis d\u2019autres sites se comporte de la m\u00eame mani\u00e8re que si le visiteur se rendait sur cet autre site. Ces sites web pourraient collecter des donn\u00e9es sur vous, utiliser des cookies, embarquer des outils de suivis tiers, suivre vos interactions avec ces contenus embarqu\u00e9s si vous disposez d\u2019un compte connect\u00e9 sur leur site web. Dur\u00e9es de stockage de vos donn\u00e9es Si vous laissez un commentaire, le commentaire et ses m\u00e9tadonn\u00e9es sont conserv\u00e9s ind\u00e9finiment. Cela permet de reconna\u00eetre et approuver automatiquement les commentaires suivants au lieu de les laisser dans la file de mod\u00e9ration. Pour les utilisateurs et utilisatrices qui s\u2019enregistrent sur notre site (si cela est possible), nous stockons \u00e9galement les donn\u00e9es personnelles indiqu\u00e9es dans leur profil. Tous les utilisateurs et utilisatrices peuvent voir, modifier ou supprimer leurs informations personnelles \u00e0 tout moment (\u00e0 l\u2019exception de leur nom d\u2019utilisateur\u00b7ice). Les gestionnaires du site peuvent aussi voir et modifier ces informations. M\u00e9dias Les m\u00e9dias (photos, vid\u00e9o,&#8230;) h\u00e9berg\u00e9es sur le site ou sur les r\u00e9seaux sociaux de l\u2019association sont issues des activit\u00e9s de l\u2019association ou des intervenants.Toutes personnes qui n\u2019autorisent pas les administrateurs du site \u00e0 utiliser leur image \u00e0 des fins de promotion et de diffusion doivent demander l\u2019application du droit de retrait qui leur sera accord\u00e9 sans aucune exception. Utilisation et transmission de vos donn\u00e9es personnelles Statistiques et mesures d\u2019audience Les donn\u00e9es personnelles des utilisateurs peuvent \u00eatre transmises \u00e0 des prestataires et\/ou services [&hellip;]<\/p>\n","protected":false},"author":1,"featured_media":0,"parent":0,"menu_order":0,"comment_status":"closed","ping_status":"closed","template":"","meta":{"footnotes":""},"class_list":["post-145","page","type-page","status-publish","hentry"],"jetpack_sharing_enabled":true,"_links":{"self":[{"href":"https:\/\/www.medievalesbonaguil.fr\/current\/wp-json\/wp\/v2\/pages\/145","targetHints":{"allow":["GET"]}}],"collection":[{"href":"https:\/\/www.medievalesbonaguil.fr\/current\/wp-json\/wp\/v2\/pages"}],"about":[{"href":"https:\/\/www.medievalesbonaguil.fr\/current\/wp-json\/wp\/v2\/types\/page"}],"author":[{"embeddable":true,"href":"https:\/\/www.medievalesbonaguil.fr\/current\/wp-json\/wp\/v2\/users\/1"}],"replies":[{"embeddable":true,"href":"https:\/\/www.medievalesbonaguil.fr\/current\/wp-json\/wp\/v2\/comments?post=145"}],"version-history":[{"count":5,"href":"https:\/\/www.medievalesbonaguil.fr\/current\/wp-json\/wp\/v2\/pages\/145\/revisions"}],"predecessor-version":[{"id":698,"href":"https:\/\/www.medievalesbonaguil.fr\/current\/wp-json\/wp\/v2\/pages\/145\/revisions\/698"}],"wp:attachment":[{"href":"https:\/\/www.medievalesbonaguil.fr\/current\/wp-json\/wp\/v2\/media?parent=145"}],"curies":[{"name":"wp","href":"https:\/\/api.w.org\/{rel}","templated":true}]}}